y a.
4
Suppose -2*l + 1 = 9*w - 4*w, 4*w = -2*l. Suppose 3*g - w - 2 = 0. Calculate the remainder when (48/1 - -3)/g is divided by 13.
12
Let g(a) = 8*a + 11. Calculate the remainder when 82 is divided by g(4).
39
Suppose -x + 24 = -2*o + 87, 3*o = 4*x + 107. Calculate the remainder when o is divided by 15.
14
Let w(d) = 5*d + 2. Let x be 6/(-4)*10/(-3). Let b(y) = 2*y**3 - 4*y**2 + 2*y + 3. Calculate the remainder when w(x) is divided by b(2).
6
What is the remainder when (-11)/2*(3 - (19 + -6)) is divided by 15?
10
Suppose 65 - 9 = 4*t. Let a = t + -4. Suppose 3*x + 5*d - 96 = 0, -78 - 51 = -5*x + 2*d. Calculate the remainder when x is divided by a.
7
Suppose 3*v - 5*t - 109 = -0*t, -2*t = -3*v + 103. What is the remainder when 60 is divided by v?
27
Let n(u) = -u**3 - 12*u**2 + 12*u + 16. What is the remainder when n(-13) is divided by 10?
9
Let s be (-8)/(-6)*3/2. Suppose -27 + 3 = -s*a. Suppose -59 = -2*i - 4*w - 57, 22 = 4*i + 2*w. Calculate the remainder when a is divided by i.
5
What is the remainder when 6 is divided by 4/8 - 6/(-4)?
0
Let k = -22 - -39. Suppose -150 = -3*d - 0*d. Calculate the remainder when d is divided by k.
16
Let l be (2/5)/((-9)/(-270)). Let s(p) = -p**2 + 12*p + 6. Let a be s(l). Calculate the remainder when 12 - a/((-6)/3) is divided by 9.
6
Suppose 3*f + 70 = 184. Calculate the remainder when f is divided by 10.
8
Let k = 62 + -43. Suppose -4*v = 4*g + 4 - 164, 2*g - 5*v - 52 = 0. Calculate the remainder when g is divided by k.
17
Let l(v) be the first derivative of -v**2 - 4*v + 4. What is the remainder when 11 is divided by l(-4)?
3
Suppose -24*q = -27*q + 63. Let p = 8 + 4. Calculate the remainder when q is divided by p.
9
Let a(d) = 13*d**2 - 2*d + 7. Calculate the remainder when a(4) is divided by 15.
12
Let y = 29 - 20. What is the remainder when 15 is divided by y?
6
Suppose 29 = 5*a + 9. Let d be ((-27)/(-36))/((-2)/16). Let x = d - -9. What is the remainder when a is divided by x?
1
Let k(i) = i + 31. Let c(j) = 3*j + 1. Let u be c(1). Suppose u = g - 7. What is the remainder when k(0) is divided by g?
9
Let a(r) = -r - 9. Let w be a(-10). Let g = 21 + w. What is the remainder when 43 is divided by g?
21
Let z(n) = 4*n**2 + 11*n - 6. What is the remainder when z(-6) is divided by 19?
15
Let k(d) = 29*d + 1. Let c = -5 + 6. Let o be k(c). Let l = o - 11. Calculate the remainder when 36 is divided by l.
17
Suppose 4*q + 3*a + 8 = 0, -15*q + 2*a + 13 = -10*q. Suppose -4 = -3*j + 2. What is the remainder when j is divided by q?
0
Let m = -3 - -1. Let h = m + 14. Suppose -4*j = b - 24, -b + 5*j + h = -21. Calculate the remainder when b is divided by 15.
13
Let f = -32 - -45. What is the remainder when 37 is divided by f?
11
Let h = 10 + -7. Suppose 4*r = -h*z + 2 + 3, 5*r = -z + 20. Let f(d) = d**2 + 4*d + 5. What is the remainder when 28 is divided by f(z)?
8
Suppose -3*u - 53 = -7*u - 5*a, -2*a + 79 = 5*u. What is the remainder when 33 is divided by u?
16
Suppose 3*l = 6*l - 30. Suppose -l = -y + 4*c, 0*c - 2*c = 4. Suppose 3*r = y*r + 16. Calculate the remainder when r is divided by 9.
7
Suppose 5*b = 7*b - 26. Calculate the remainder when 49 is divided by b.
10
Let g = -1 + 0. Let o(h) = h**2 - 2*h + 4. What is the remainder when o(6) is divided by (1 + g - 10)*-1?
8
Suppose -5*v - 8 = -38. Calculate the remainder when (6 - 1)*1*21/5 is divided by v.
3
Let q = 28 + -16. What is the remainder when 20/6*63/6 is divided by q?
11
Let k = 70 - 39. Let u(q) = -q + 13. What is the remainder when k is divided by u(5)?
7
Let x(q) = -2*q + 41. What is the remainder when x(-14) is divided by 12?
9
Let k(d) = d**2 - 5*d + 2. Let c = 3 - 0. Let v = 10 - c. Calculate the remainder when 46 is divided by k(v).
14
Let r(k) = -k**2 - k + 21. What is the remainder when r(0) is divided by 11?
10
Calculate the remainder when 22 is divided by (30/(-20))/(3/(-28)).
8
Let n = 11 + -7. Suppose -5*v = -5*p + 195, 2*p - 20 - 52 = -n*v. Calculate the remainder when p is divided by 13.
12
Calculate the remainder when 31 is divided by (-9)/(-18) - 31/(-2).
15
Suppose -x - 2*x + 5*f - 40 = 0, -5*f = 4*x + 65. Calculate the remainder when 2 - x/(2/2) is divided by 9.
8
Let r(z) = -2*z + 68. Calculate the remainder when r(0) is divided by 18.
14
Let x = 5 + -3. Suppose 0 = -x*g + 30 + 8. Let t(j) = j**2 - 3*j + 6. What is the remainder when g is divided by t(4)?
9
Let q(y) = -y**3 - 10*y**2 + 9*y - 7. Let o be q(-11). What is the remainder when 39 is divided by (o/(-2))/(33/(-44))?
9
Suppose -x = -3*x - z + 16, 5*x - 41 = -3*z. Suppose -4*u = 2*c - 3*u - 22, -2*u = c - 8. Calculate the remainder when c is divided by x.
5
Let j(p) = p**2 - 10*p + 10. Let x be j(11). Let m = x - 6. Calculate the remainder when m is divided by 8.
7
Let j(l) = -4 + l + 4 - 2 + 3. What is the remainder when 15 is divided by j(7)?
7
Let s(k) = 8*k**2 + 2. Suppose -24 = -4*f + 4*d, 5*d = -2*f - 4 + 37. Calculate the remainder when s(2) is divided by f.
7
Let k(v) = v**3 - 8*v**2 + 6*v. Let i be k(6). Let x = i + 66. Calculate the remainder when x is divided by 16.
14
Suppose -5*s - 4*k + 45 = 0, 0*s = 5*s + 3*k - 45. Suppose 4*c - 50 = 5*f, -29 = -2*c - 4*f + s. Calculate the remainder when 43 is divided by c.
13
Let n be (51/(-1))/(16 - 19). Let q = 29 - n. Calculate the remainder when q is divided by 7.
5
Let h = 18 - 16. Suppose -24 = -4*f - 0*f. Suppose c = -c + f. Calculate the remainder when c is divided by h.
1
Let g(p) = -p**3 - p**2 - p + 4. Let o(u) = -7*u. Suppose 7*n + 3 = 4*n. Calculate the remainder when o(n) is divided by g(0).
3
Suppose 9*y = 12*y + 12. Let j = -6 + 11. What is the remainder when j is divided by y/(8/(-18)*3)?
2
Let s(x) = 2*x - 5. Let n(k) = -k - 4. What is the remainder when n(-13) is divided by s(4)?
0
Let h be ((-1)/3)/(2/(-18)). Calculate the remainder when ((-8)/h)/(2/(-9)) is divided by 5.
2
Let k(a) = 2*a**2 - 3*a + 2. Let v be k(2). Suppose 2*x + g - 62 = 6*g, v*x - g - 106 = 0. What is the remainder when x is divided by 9?
8
Suppose o - 2*a + 3*a = 31, -a - 65 = -2*o. Calculate the remainder when o is divided by ((-42)/(-28))/((-6)/(-44)).
10
Let v(u) = u**2 + u + 2. Let p = 22 - 16. Let l = 9 + p. What is the remainder when l is divided by v(-3)?
7
Let q(p) = p**3 + 4*p**2 - p - 1. Calculate the remainder when 7 is divided by q(-4).
1
Suppose 0 = -4*z + 5*j + 85, 2*z + 4*j = 4*z - 38. What is the remainder when z is divided by 7?
4
Let r = 34 + -25. What is the remainder when r is divided by 5?
4
Suppose 0 = -j - j + 10. Let z(q) = -q**2 - 7*q - 4. Calculate the remainder when z(-4) is divided by j.
3
Let t(y) = 5*y**2 - 4*y + 2. What is the remainder when t(3) is divided by (78/4 - 2) + (-9)/(-6)?
16
Let l = 30 + 5. Let j(k) = 9*k. Let w be j(2). Suppose r - w = -0*r. What is the remainder when l is divided by r?
17
Suppose 3*c = 5*o + 16, -3*c = -4*c + 3*o + 4. Suppose -2*a = -4*w - c*a - 117, -87 = 4*w - a. Let y = 38 + w. Calculate the remainder when 43 is divided by y.
13
Let u = 27 + -40. Let r = u - -23. What is the remainder when (58/(-4))/((-2)/4) is divided by r?
9
Let w(u) = -3*u**3 - 6*u**2 - 6*u - 3. Calculate the remainder when w(-3) is divided by 15.
12
Suppose -q = 5*d + 3*q - 84, -d = 4*q - 4. Let v(r) = -r**2 + 7*r + 1. Calculate the remainder when d is divided by v(5).
9
Calculate the remainder when 6/4*150/9 is divided by 14.
11
Suppose -8*w + 7*w = -4*l + 199, 5*w = 4*l - 179. What is the remainder when l is divided by 51/2 + 2/4?
25
Let n be (-2)/4 + (-14)/(-4). Let q(a) = 5*a - 4. Suppose 0 = 2*i + 3*z - 30, i - 2*z = 5*i - 76. What is the remainder when i is divided by q(n)?
10
Let v = 32 - 5. Suppose 0*i = 2*r - 2*i - 4, -v = -r - 4*i. What is the remainder when 12 is divided by r?
5
Let c = -101 - -148. Calculate the remainder when c is divided by 26.
21
Let t = 11 - -14. What is the remainder when t is divided by 9?
7
Let f = 160 + -95. Suppose -f = -6*u + u. What is the remainder when 0 + 0/(-2) - -24 is divided by u?
11
Suppose 0 = -6*q + 108 - 6. What is the remainder when 57 is divided by q?
6
Suppose 0*y + y + j = 41, 0 = 2*y + 3*j - 80. What is the remainder when y is divided by (0 + 15*3)*(-6)/(-18)?
13
Let x(w) = w**3 + 11*w**2 + 4*w - 4. Let d be x(-9). Suppose -14 = -2*r +